*t(l). List the prime factors of j(5).
17
Suppose 2 = 22*i - 64. Suppose 0 = -3*b + 4*y - i*y + 1190, -3*y - 402 = -b. List the prime factors of b.
2, 3, 11
Let j be (-10 - -13)*8/6. Suppose -3*r + 11 - 5 = 3*h, 4*h + 32 = j*r. What are the prime factors of (765/25 - -3)*r?
2, 3, 7
Let t = -254 - -254. Suppose t = -4*a + 2225 + 2243. List the prime factors of a.
1117
Let k = -105 + 87. Let d be 12/k*(2 + 1). List the prime factors of d/(-8) - 1737/(-12).
5, 29
Let o(r) = -23*r**2 - 11*r - 23. Let s(b) = -8*b**2 - 3*b - 8. Let n(x) = -3*o(x) + 8*s(x). What are the prime factors of n(-5)?
5, 17
Suppose -5*c - 1990 = -4*b - 17930, 0 = -2*c + 4*b + 6364. Suppose 79*r - c = 72*r. What are the prime factors of r?
2, 3, 19
Suppose -327*r = -803117 - 4947832. What are the prime factors of r?
43, 409
What are the prime factors of (5/4)/((-70)/(-446320))?
2, 5, 797
Let c(p) = -p**3 - 20*p**2 - 23*p + 31. Let q(o) = o**2 + 20*o + 32. Let x be q(-17). Let d be c(x). Let s = d + -20. List the prime factors of s.
3, 29
Let m(v) = -23*v - 19. Let y be ((-9)/(-162)*9)/((-2)/64). List the prime factors of m(y).
349
Let o be 156/(-12)*(3 + -2). Let f(k) = k**3 + 14*k**2 - 17*k - 22. Let z be f(o). Let v = z + -192. List the prime factors of v.
2, 11
Suppose -h - 138658 = -4*s, 2*s = -92*h + 94*h + 69320. List the prime factors of s.
2, 17333
Suppose -374 = -4*v + 3*n, 1 - 9 = -4*n. Suppose -13*g + v = -8*g. List the prime factors of g.
19
Let x(d) = d**2 - 29*d - 48. Let a(z) = 13*z + 148. Let c be a(-8). What are the prime factors of x(c)?
2, 3, 17
Let t(q) = -13*q - 560. List the prime factors of t(-46).
2, 19
Let u = 166 - 164. Suppose -o + 3*n + 211 = 0, -u*o - 2*n + 472 = 2*n. List the prime factors of o.
2, 113
Let c(x) = -x**3 - 10*x**2 - 11*x + 23. Let f be (8/6)/(15/((-495)/(-2))). Suppose f*q + 60 = 16*q. What are the prime factors of c(q)?
7, 19
Let v(r) = r - 43 + 15 + 2*r**2 + 5*r**2 - 3 + r. Suppose -3*a - 3*i = -33, -5 - 2 = -2*a + i. What are the prime factors of v(a)?
233
Let k = 11 + -7. Suppose -5*y + 21 = -k*u + 65, 5*u = -2*y + 55. Let c = 95 + u. What are the prime factors of c?
2, 53
Suppose 2*o + 2*o - 4 = 0, -5*i + 3*o - 373 = 0. Let q be (451 - -2)*(-5)/15. Let b = i - q. List the prime factors of b.
7, 11
Suppose 0*p + 4 = 4*p, 2*p = 3*d - 1. Let z(u) = 389*u**2 + u - 1. List the prime factors of z(d).
389
Let r(s) = -75 + 61 + s**3 - 4*s + 25*s + 15*s**2. Let m be r(-14). Let u = 173 + m. List the prime factors of u.
61
Let g = 10428 - 4046. What are the prime factors of g?
2, 3191
Suppose -c = -0*c - 2*b + 5, 3*b = c + 10. Let k(j) = 3*j**2 + j + 8. Let q be k(c). Suppose 5*l = 768 - q. What are the prime factors of l?
2, 17
Suppose -4*z = 5*f - z - 1515, 605 = 2*f + z. Let x = 577 - f. What are the prime factors of x?
277
Let b(f) = f**2 - 5*f - 33. Let q be b(9). Let o(k) = 6*k**3 - 2*k**2 - 6*k + 1. What are the prime factors of o(q)?
127
Let g(v) = 2*v**2 + 117*v - 2383. List the prime factors of g(86).
23, 977
Suppose n + 5*q = 18, 4*n + 3*q - 9 = 12. Suppose 5*b - 1311 = 4*v, 5*b - n*v - 1317 = -5*v. What are the prime factors of b?
263
Let q(i) = 4*i**2 + 6*i**2 + 7*i - 75 - 2*i**3 + 0*i**2 - 23*i**2 + i**3. List the prime factors of q(-19).
2, 11, 89
Let x(q) = q**2 + 2*q - 28. Let l be x(-8). Let c be (-8)/l + 24/10 + 20. Suppose c*d + 159 = 23*d. List the prime factors of d.
3, 53
Let k = 63 - 67. Let p be (k/((-4)/(-3)))/(-3 + 2). Suppose -4*r - p*s + 173 = 0, -4*r = -3*r - 5*s - 72. What are the prime factors of r?
47
Suppose -21*p - 9*p = 3*p - 547998. What are the prime factors of p?
2, 19, 23
Suppose 2*p + 0*b + 2*b = -428, 4*b + 1073 = -5*p. Let r = p + 729. What are the prime factors of r?
2
Suppose 18*v + 151 - 97 = 0. What are the prime factors of ((-93 + 6)*13/v)/1?
13, 29
Let p(j) = 5*j + 87. Let o be p(-17). Suppose o*w = 4*l - 1530, -4*w + 1130 = 3*l - 2*w. List the prime factors of l.
2, 5, 19
Let b = -27588 - -55417. What are the prime factors of b?
17, 1637
Suppose -24 = 13*w - 50. Suppose -2054 = -w*m - 2*z, -5*z = m - z - 1033. What are the prime factors of m?
5, 41
Let u(d) = -41*d + 695. List the prime factors of u(-79).
2, 7, 281
Let o(q) = q**3 - 28*q**2 - 99*q - 84. Let k be (-350)/(-11) + (288/99)/16. List the prime factors of o(k).
2, 211
Suppose 3*a + 31 + 29 = -3*h, 0 = 3*h - 4*a + 46. Let k = -68 - h. List the prime factors of 3*3/((-18)/k).
5
Let j = 45670 + -18317. List the prime factors of j.
17, 1609
Let i(v) = -464*v - 188. What are the prime factors of i(-12)?
2, 5, 269
Let t = -598 + 876. Let l = 96 + t. List the prime factors of l.
2, 11, 17
Suppose -539196 = -78*h + 1257768. List the prime factors of h.
2, 11519
Suppose 0 = 11*y - 14*y + 144. Suppose -y*h + 2320 = -43*h. What are the prime factors of h?
2, 29
What are the prime factors of ((-10)/4)/((-49287)/16422 - -3)?
5, 17, 23
Let s be 6*(-3)/(-36)*28. Let b(z) = 43*z - 3. List the prime factors of b(s).
599
Suppose -4*f = -5*o + 71331, -4*o + 57066 = -0*o - 2*f. What are the prime factors of o?
11, 1297
Let s(r) = 2*r**3 + 9*r**2 + 6*r - 1. Let f be s(-6). Let m be f/(-25) + 16/(-20). Let i(z) = -z**3 + 8*z**2 - 5*z - 4. What are the prime factors of i(m)?
2, 23
Let c(j) = -61*j - 299. List the prime factors of c(-36).
7, 271
Suppose 6*s - 218 - 88 = 0. Let f(k) = 19*k**2 - k. Let r be f(-1). Let m = s - r. List the prime factors of m.
31
Let x = 12868 + 2912. Suppose -9*c = 11*c - x. List the prime factors of c.
3, 263
Suppose 0 = -66*r - 126*r + 1356288. List the prime factors of r.
2, 883
Let k(h) = 10*h**2 + 181*h - 97. What are the prime factors of k(-38)?
5, 1493
Let x be 2*2 + 4/(-4) + -3. Let v be 65*-1 - (x/1)/(-3). Let k = v - -174. List the prime factors of k.
109
Suppose -326 + 22338 = k - 4*l, 4*k + 4*l = 87928. What are the prime factors of k?
2, 23, 239
Suppose p - 2738 = -4*n - 45, 5*p = 2*n - 1319. Suppose -40 = 42*w - 50*w. Suppose -w*y - 67 = -n. List the prime factors of y.
11
Let l(a) = 515*a - 9693. What are the prime factors of l(120)?
3, 11, 1579
List the prime factors of (440/(-22) - 0) + 19879.
7, 2837
List the prime factors of (284/(-3))/(2 - 0)*(-114)/4.
19, 71
Let z(f) = -f**2 - 6*f - 9. Let j be z(-5). Let q(m) = -133*m - 12. Let c be q(j). Suppose -3*h + 8*h - c = 5*r, 5*r - 407 = -4*h. List the prime factors of h.
103
Suppose 0 = 5*r - 3*q - 72542, -r + 2*q - 7297 = -21811. What are the prime factors of r?
2, 7253
Let z = -5438 - -11455. What are the prime factors of z?
11, 547
Suppose 0 = -8*r + 78 - 1590. List the prime factors of (r/(-42))/(6/16).
2, 3
Let f(c) = -c**3 + c**2 + 3*c + 64. Let y(j) = 2*j**3 - 15*j**2 - 7*j - 8. Suppose 151 = 4*i + 119. Let k be y(i). What are the prime factors of f(k)?
2
Let p(u) = 9*u - 91. Let b(j) = 6*j - 61. Let w(i) = 7*b(i) - 5*p(i). Let s be 7/(-2 - (-1 - 2)). List the prime factors of w(s).
7
Suppose 0 = -38*u + 43*u. Let c(m) = -m + 212. Let l be c(u). Let k = l - 110. What are the prime factors of k?
2, 3, 17
Suppose -11*s = -107423 - 125040. What are the prime factors of s?
7, 3019
Let a(i) = -226*i - 4. Let z be a(-1). Let q be z/(-4 + 1)*1. List the prime factors of (3 + q)*1/(-1).
71
Let y = -6685 - -13807. What are the prime factors of y?
2, 3, 1187
Let v(f) be the third derivative of 1/12*f**4 + 1/60*f**5 + 1/12*f**6 - 1/3*f**3 + 15*f**2 + 0*f + 0. What are the prime factors of v(1)?
11
Suppose -23*g + 1560 = -13*g. Let r = g - 100. List the prime factors of r.
2, 7
Let m(g) = 61*g - 33. Let b be m(-5). Let s = 948 + b. What are the prime factors of s?
2, 5, 61
What are the prime factors of (-4169 + 2)/((-92)/92)?
3, 463
Suppose 23*j + 27*j - 1700139 - 607961 = 0. What are the prime factors of j?
2, 23081
Let v(a) = -7*a**2 - 3*a + 11. Let w(u) = 4*u**2 + 2*u - 6. Let q(t) = 3*v(t) + 5*w(t). Let o be q(-3). What are the prime factors of -3 - (o - -8 - (22 + 1))?
3, 7
Suppose -21 = -2*n + 27. Let x(i) = 3*i - 28. Let d be x(12). Suppose n = -d*c + 11*c. List the prime factors of c.
2
Suppose 0 = 9*m - 1355 + 365. Suppose -5*v + 3*i - 210 = 0, -v - 2*v = -5*i + m. List the prime factors of -1 + (v/12)/((-2)/48).
89
Suppose -q - 4 = 0, q = 3*u - q - 3593. Let p = u - -259. List the prime factors of p.
2, 727
Let j(u) = -u**2 + 91*u + 13438. List th